False
Is 53246353 a prime number?
True
Is 15384917 a prime number?
False
Is 505859773 a composite number?
True
Is 20947231 a prime number?
False
Is 70094147 a composite number?
False
Is 71243 a prime number?
False
Is 947303 a composite number?
True
Is 1494433 composite?
True
Is 2329451 a composite number?
True
Is 1870207 a prime number?
True
Is 349447237 a prime number?
True
Is 17596171 prime?
True
Is 67887227 a prime number?
True
Is 125231111 prime?
False
Is 84774577 prime?
False
Is 64645457 prime?
True
Is 7452109 a composite number?
True
Is 165266 a composite number?
True
Is 240581 composite?
True
Is 1061019763 composite?
False
Is 39649229 a prime number?
True
Is 8966831 a prime number?
True
Is 3402719 a composite number?
True
Is 131261893 prime?
False
Is 41889313 prime?
True
Is 10466461 a composite number?
False
Is 36422611 prime?
True
Is 11259401 composite?
False
Is 80707183 prime?
False
Is 16829921 composite?
False
Is 3900739 composite?
True
Is 1158923 prime?
True
Is 6543314 prime?
False
Is 17055007 prime?
True
Is 6661209 composite?
True
Is 708151 prime?
False
Is 39616063 prime?
False
Is 2376239 a prime number?
True
Is 34644367 prime?
True
Is 3608299 a composite number?
False
Is 19404647 a prime number?
False
Is 7987123 composite?
False
Is 574594171 prime?
True
Is 5228687 a composite number?
False
Is 345122929 a composite number?
False
Is 7189439 composite?
False
Is 11442562 composite?
True
Is 256416239 a composite number?
True
Is 63137729 composite?
True
Is 9936419 composite?
False
Is 16105861 a composite number?
False
Is 73981751 composite?
True
Is 286701497 a prime number?
True
Is 749387 prime?
False
Is 43104373 prime?
False
Is 10982227 composite?
False
Is 74982961 a composite number?
False
Is 106559911 composite?
True
Is 38547719 composite?
True
Is 298884343 prime?
True
Is 1064431 prime?
True
Is 3654037 composite?
False
Is 40571413 composite?
False
Is 333313987 a composite number?
False
Is 1477979 a composite number?
False
Is 64704399 a prime number?
False
Is 22884307 a composite number?
False
Is 116425579 a composite number?
False
Is 9235937 prime?
False
Is 8538333 a composite number?
True
Is 19366057 a prime number?
False
Is 49627579 a prime number?
False
Is 50579 composite?
True
Is 17532001 composite?
True
Is 13547597 composite?
True
Is 67158731 composite?
False
Is 1281487 composite?
True
Is 565347293 a prime number?
False
Is 75675487 prime?
True
Is 13909031 composite?
True
Is 2857039 composite?
False
Is 5207513 a prime number?
True
Is 192298381 composite?
True
Is 12636769 composite?
False
Is 86992211 a prime number?
False
Is 3981713 prime?
False
Is 445691 composite?
False
Is 1504841 composite?
True
Is 10954717 a prime number?
True
Is 742354253 a prime number?
True
Is 303062593 a prime number?
True
Is 23733373 a prime number?
True
Is 88277191 a prime number?
True
Is 4794841 composite?
False
Is 31948061 prime?
False
Is 1202059 prime?
False
Is 4085089 a prime number?
True
Is 224171911 a prime number?
False
Is 8174563 prime?
True
Is 806543 a prime number?
True
Is 1198661 a prime number?
True
Is 60128149 a prime number?
True
Is 89591 prime?
True
Is 4423379 prime?
True
Is 118667931 prime?
False
Is 87729793 a prime number?
True
Is 131783 prime?
True
Is 69508577 a composite number?
False
Is 119262127 a prime number?
True
Is 249886781 prime?
True
Is 124332899 composite?
False
Is 698573 a composite number?
True
Is 3113309 composite?
True
Is 106090883 a composite number?
True
Is 454040423 prime?
True
Is 183196551 a composite number?
True
Is 5562197 a prime number?
True
Is 10957603 a prime number?
True
Is 72942889 a prime number?
True
Is 2121877 a composite number?
False
Is 156963551 a composite number?
False
Is 71998417 composite?
True
Is 1319687 a prime number?
True
Is 22222617 a composite number?
True
Is 67395227 a prime number?
False
Is 148817 a prime number?
True
Is 265303463 a composite number?
False
Is 768465409 prime?
True
Is 29269469 prime?
True
Is 2728471 composite?
False
Is 21635609 a composite number?
False
Is 9944107 a prime number?
False
Is 48305927 composite?
False
Is 992273 a prime number?
False
Is 537023 composite?
False
Is 333125669 prime?
True
Is 341533 prime?
False
Is 96154138 composite?
True
Is 23491997 a prime number?
True
Is 22249651 prime?
False
Is 484577 composite?
False
Is 8381101 a composite number?
True
Is 43291 prime?
True
Is 175786901 composite?
True
Is 1147291 composite?
True
Is 25852669 prime?
False
Is 55020457 a composite number?
True
Is 17160349 composite?
False
Is 126860627 a composite number?
False
Is 31683329 a composite number?
False
Is 2922151 a prime number?
False
Is 150488537 composite?
False
Is 47951131 a composite number?
False
Is 1298081 a composite number?
True
Is 275269 prime?
True
Is 51504547 a prime number?
False
Is 3196343 a prime number?
True
Is 5084081 composite?
True
Is 805165 prime?
False
Is 83772911 a composite number?
False
Is 2664535 a prime number?
False
Is 1939555 composite?
True
Is 996271 prime?
True
Is 4704919 prime?
True
Is 32863013 composite?
False
Is 2772827 prime?
True
Is 347849299 a composite number?
True
Is 17810447 prime?
True
Is 249144251 a composite number?
False
Is 76911719 a composite number?
False
Is 4774171 a prime number?
True
Is 14779291 prime?
False
Is 138817219 prime?
True
Is 1190337011 composite?
True
Is 8879254 a composite number?
True
Is 590243 a prime number?
True
Is 845123 a prime number?
False
Is 38937203 prime?
True
Is 4344409 prime?
False
Is 17047987 prime?
False
Is 4459981 a prime number?
True
Is 20855629 prime?
False
Is 43511563 prime?
True
Is 7001 composite?
False
Is 8140927 prime?
True
Is 144539 a prime number?
True
Is 133042103 prime?
True
Is 11110447 prime?
False
Is 52038419 a prime number?
True
Is 1337705 a prime number?
False
Is 179997 a composite number?
True
Is 329471 composite?
False
Is 21408851 prime?
True
Is 209188505 composite?
True
Is 83916853 a prime number?
False
Is 53723 a composite number?
True
Is 1523299 prime?
False
Is 67569791 a composite number?
True
Is 15677887 composite?
False
Is 1636903 a prime number?
False
Is 574514009 prime?
True
Is 874919 a composite number?
False
Is 193711 prime?
False
Is 1872623 a composite number?
False
Is 32952301 composite?
True
Is 1435560451 a composite number?
True
Is 3849479 a composite number?
False
Is 76100933 a composite number?
False
Is 196500529 a composite number?
False
Is 117761339 prime?
True
Is 78586741 prime?
True
Is 185480341 composite?
False
Is 57251279 composite?
False
Is 271769821 a prime number?
False
Is 132862879 a composite number?
True
Is 620054257 a composite number?
False
Is 74038937 a composite number?
True
Is 34005001 prime?
True
Is 9768307 prime?
False
Is 34663979 a prime number?
False
Is 10847897 composite?
False
Is 41443967 a composite number?
False
Is 1077417611 prime?
True
Is 256043 a prime number?
False
Is 2381146 composite?
True
Is 8801417 composite?
True
Is 100308287 a prime number?
True
Is 7234499 a prime number?
False
Is 54809429 a composite number?
True
Is 1103131 a prime number?
False
Is 51013673 composite?
False
Is 800559233 a prime number?
False
Is 89876014 composite?
True
Is 334965311 composite?
False
Is 4676713 a composite number?
False
Is 2167601 composite?
True
Is 5526574 a composite number?
True
Is 26268943 a prime number?
True
Is 11834387 composite?
True
Is 10920859 a composite number?
False
Is 6757643 a composite number?
True
Is 5969651 a prime number?
True
Is 11780941 prime?
False
Is 1260827 composite?
False
Is 72681439 a composite number?
True
Is 4228487 prime?
True
Is 226152659 a prime number?
False
Is 24236447 a composite number?
False
Is 8743 a prime number?
False
Is 93759107 composite?
True
Is 258802 prime?
False
Is 20060617 composite?
True
Is 707761421 prime?
True
Is 756869 a composite number?
False
Is 1949 prime?
True
Is 1361821 a prime number?
False
Is 22249127 composite?
True
Is 2505527 a prime number?
True
Is 74756623 prime?
True
Is 49101631 prime?
False
Is 19884967 a prime number?
True
Is 2208041 prime?
False
Is 81668551 prime?
False
Is 1686601 a composite number?
True
Is 86809993 a prime number?
False
Is 198989561 a prime number?
False
Is 19062359 a prime number?
True
Is 43291491 composite?
True
Is 65067563 prime?
False
Is 89255431 composite?
Fa